{"id":308,"date":"2018-09-13T15:15:00","date_gmt":"2018-09-13T13:15:00","guid":{"rendered":"https:\/\/nichtraucherin30tagen.de\/mobile\/?page_id=308"},"modified":"2018-09-13T15:15:00","modified_gmt":"2018-09-13T13:15:00","slug":"impressum","status":"publish","type":"page","link":"https:\/\/nichtraucherin30tagen.de\/mobile\/?page_id=308","title":{"rendered":"Impressum"},"content":{"rendered":"<p><strong>Impressum<\/strong><br \/>\nNutrition Consult<br \/>\nVorgebirgstr. 27<br \/>\n50677 K\u00f6ln<\/p>\n<p><a href=\"mailto:info@jopp-online.com\">info@jopp-online.com<\/a><\/p>\n<p><strong>Streitschlichtung<\/strong><br \/>\nDie Europ\u00e4ische Kommission stellt eine Plattform zur Online-Streitbeilegung (OS) bereit: https:\/\/ec.europa.eu\/consumers\/odr<br \/>\nUnsere E-Mail-Adresse finden Sie oben im Impressum.<\/p>\n<p>Wir sind nicht bereit oder verpflichtet, an Streitbeilegungsverfahren vor einer Verbraucherschlichtungsstelle teilzunehmen.<\/p>\n<p><strong>Haftung f\u00fcr Inhalte<\/strong><\/p>\n<p>Als Diensteanbieter sind wir gem\u00e4\u00df \u00a7 7 Abs.1 TMG f\u00fcr eigene Inhalte auf diesen Seiten nach den allgemeinen Gesetzen verantwortlich. Nach \u00a7\u00a7 8 bis 10 TMG sind wir als Diensteanbieter jedoch nicht verpflichtet, \u00fcbermittelte oder gespeicherte fremde Informationen zu \u00fcberwachen oder nach Umst\u00e4nden zu forschen, die auf eine rechtswidrige T\u00e4tigkeit hinweisen.<\/p>\n<p>Verpflichtungen zur Entfernung oder Sperrung der Nutzung von Informationen nach den allgemeinen Gesetzen bleiben hiervon unber\u00fchrt. Eine diesbez\u00fcgliche Haftung ist jedoch erst ab dem Zeitpunkt der Kenntnis einer konkreten Rechtsverletzung m\u00f6glich. Bei Bekanntwerden von entsprechenden Rechtsverletzungen werden wir diese Inhalte umgehend entfernen.<\/p>\n<p><strong>Haftung f\u00fcr Links<\/strong><\/p>\n<p>Unser Angebot enth\u00e4lt Links zu externen Websites Dritter, auf deren Inhalte wir keinen Einfluss haben. Deshalb k\u00f6nnen wir f\u00fcr diese fremden Inhalte auch keine Gew\u00e4hr \u00fcbernehmen. F\u00fcr die Inhalte der verlinkten Seiten ist stets der jeweilige Anbieter oder Betreiber der Seiten verantwortlich. Die verlinkten Seiten wurden zum Zeitpunkt der Verlinkung auf m\u00f6gliche Rechtsverst\u00f6\u00dfe \u00fcberpr\u00fcft. Rechtswidrige Inhalte waren zum Zeitpunkt der Verlinkung nicht erkennbar.<\/p>\n<p>Eine permanente inhaltliche Kontrolle der verlinkten Seiten ist jedoch ohne konkrete Anhaltspunkte einer Rechtsverletzung nicht zumutbar. Bei Bekanntwerden von Rechtsverletzungen werden wir derartige Links umgehend entfernen.<\/p>\n<p><strong>Urheberrecht<\/strong><\/p>\n<p>Die durch die Seitenbetreiber erstellten Inhalte und Werke auf diesen Seiten unterliegen dem deutschen Urheberrecht. Die Vervielf\u00e4ltigung, Bearbeitung, Verbreitung und jede Art der Verwertung au\u00dferhalb der Grenzen des Urheberrechtes bed\u00fcrfen der schriftlichen Zustimmung des jeweiligen Autors bzw. Erstellers. Downloads und Kopien dieser Seite sind nur f\u00fcr den privaten, nicht kommerziellen Gebrauch gestattet.<\/p>\n<p>Soweit die Inhalte auf dieser Seite nicht vom Betreiber erstellt wurden, werden die Urheberrechte Dritter beachtet. Insbesondere werden Inhalte Dritter als solche gekennzeichnet. Sollten Sie trotzdem auf eine Urheberrechtsverletzung aufmerksam werden, bitten wir um einen entsprechenden Hinweis. Bei Bekanntwerden von Rechtsverletzungen werden wir derartige Inhalte umgehend entfernen.<\/p>\n<p><strong>Fotalia.com<\/strong><br \/>\n\u00a9 hohojirozame; \u00a9 frank peters; \u00a9 WavebreakMediaMicro; \u00a9 mdworschak; \u00a9 Markus Bormann; \u00a9 Robert Kneschke; \u00a9 Mopic; \u00a9 Renee Jansoa; \u00a9 Benjamin Thorn; \u00a9 lolloj; \u00a9 vadim yerofeyev; \u00a9 Roman Sigaev; \u00a9 &#8212; a-n-k-i &#8212; -; \u00a9 Aga &amp; Miko Materne; \u00a9 Piotr Marcinski; \u00a9 Lev; \u00a9 Anyka; \u00a9 arahan; \u00a9 Jason Stitt; \u00a9 Fotowerk; \u00a9 fotodesign-jegg.de; \u00a9 WavebreakMediaMicro; \u00a9 proffelice; \u00a9 Bernd J\u00fcrgens; \u00a9 Jacek Chabraszewski; \u00a9 ExQuisine; \u00a9 HLPhoto; \u00a9 Roman Sigaev; \u00a9 Irina Belousa; \u00a9 RTimage; \u00a9 Lusoimages; \u00a9 robynmac; \u00a9 Barbara Dudzi\u0144ska; \u00a9 Vladimirs Poplavskis; \u00a9 HLPhoto; \u00a9 Zharastudio; \u00a9 igor; \u00a9 snaptitude; \u00a9 Lori Martin; \u00a9 detailblick; \u00a9 outdoorsma; \u00a9 PictureArt; \u00a9 goodluz; \u00a9 Monkey Business; \u00a9 Robert Kneschke; \u00a9 Monkey Business; \u00a9 rare; \u00a9 Yuri Arcurs; \u00a9 Anatoliy Samara; \u00a9 Rui Vale de Sousa; \u00a9 Yuri Arcurs; \u00a9 Sergey; \u00a9 Markus Bormann; \u00a9 Scott Hancock; \u00a9 Tonis Pan; \u00a9 Elenathewise; \u00a9 Mehmet Dilsiz; \u00a9 xxuligan; \u00a9 majo; \u00a9 southmind; \u00a9 Digitalpress; \u00a9 Du\u0161an Zidar; \u00a9 Tadija Savic; \u00a9 Robert Janevski; \u00a9 Izaokas Sapiro; \u00a9 Gocman; \u00a9 Fr\u00e9d\u00e9ric Boutard; \u00a9 lolloj; \u00a9 diego cervo; \u00a9 lunamarina; \u00a9 Giuseppe Porzani; \u00a9 Tom Mc Nemar; \u00a9 rufar; \u00a9 Robert Janevski; \u00a9 laurent hamels; \u00a9 kristian sekulic<\/p>\n<p><strong>Shutterstock.com<\/strong><br \/>\n\u00a9 Sergey Nivens; \u00a9 Yuri Arcurs ; \u00a9 wavebreakmedia ; \u00a9 Andrea Danti; \u00a9 carlo dapino ; \u00a9 Yuri Arcurs ; Goodluz ; \u00a9 Simone van den Berg , \u00a9 Werner Muenzker ; \u00a9 kurhan ; \u00a9 Emin Ozkan ; \u00a9 bioraven ; \u00a9 Sergey Mironov; \u00a9 Vinciber ; \u00a9 BortN66 , \u00a9 Lana K ; \u00a9 Photosani<\/p>\n<p><strong>Istockphoto.com<\/strong><br \/>\n\u00a9 sdominick ; \u00a9 J-Elgaard ; \u00a9 Squaredpixels ; \u00a9 janevskir<\/p>\n","protected":false},"excerpt":{"rendered":"<p>Impressum Nutrition Consult Vorgebirgstr. 27 50677 K\u00f6ln info@jopp-online.com Streitschlichtung Die Europ\u00e4ische Kommission stellt eine Plattform zur Online-Streitbeilegung (OS) bereit: https:\/\/ec.europa.eu\/consumers\/odr Unsere E-Mail-Adresse finden Sie oben im Impressum. Wir sind nicht bereit oder verpflichtet, an Streitbeilegungsverfahren vor einer Verbraucherschlichtungsstelle teilzunehmen. Haftung f\u00fcr Inhalte Als Diensteanbieter sind wir gem\u00e4\u00df \u00a7 7 Abs.1 TMG f\u00fcr eigene Inhalte auf [&hellip;]<\/p>\n","protected":false},"author":1,"featured_media":0,"parent":0,"menu_order":0,"comment_status":"closed","ping_status":"closed","template":"","meta":[],"_links":{"self":[{"href":"https:\/\/nichtraucherin30tagen.de\/mobile\/index.php?rest_route=\/wp\/v2\/pages\/308"}],"collection":[{"href":"https:\/\/nichtraucherin30tagen.de\/mobile\/index.php?rest_route=\/wp\/v2\/pages"}],"about":[{"href":"https:\/\/nichtraucherin30tagen.de\/mobile\/index.php?rest_route=\/wp\/v2\/types\/page"}],"author":[{"embeddable":true,"href":"https:\/\/nichtraucherin30tagen.de\/mobile\/index.php?rest_route=\/wp\/v2\/users\/1"}],"replies":[{"embeddable":true,"href":"https:\/\/nichtraucherin30tagen.de\/mobile\/index.php?rest_route=%2Fwp%2Fv2%2Fcomments&post=308"}],"version-history":[{"count":1,"href":"https:\/\/nichtraucherin30tagen.de\/mobile\/index.php?rest_route=\/wp\/v2\/pages\/308\/revisions"}],"predecessor-version":[{"id":309,"href":"https:\/\/nichtraucherin30tagen.de\/mobile\/index.php?rest_route=\/wp\/v2\/pages\/308\/revisions\/309"}],"wp:attachment":[{"href":"https:\/\/nichtraucherin30tagen.de\/mobile\/index.php?rest_route=%2Fwp%2Fv2%2Fmedia&parent=308"}],"curies":[{"name":"wp","href":"https:\/\/api.w.org\/{rel}","templated":true}]}}

<p><strong>Impressum</strong><br />
Nutrition Consult<br />
Vorgebirgstr. 27<br />
50677 Köln</p>
<p><a href="mailto:info@jopp-online.com">info@jopp-online.com</a></p>
<p><strong>Streitschlichtung</strong><br />
Die Europäische Kommission stellt eine Plattform zur Online-Streitbeilegung (OS) bereit: https://ec.europa.eu/consumers/odr<br />
Unsere E-Mail-Adresse finden Sie oben im Impressum.</p>
<p>Wir sind nicht bereit oder verpflichtet, an Streitbeilegungsverfahren vor einer Verbraucherschlichtungsstelle teilzunehmen.</p>
<p><strong>Haftung für Inhalte</strong></p>
<p>Als Diensteanbieter sind wir gemäß § 7 Abs.1 TMG für eigene Inhalte auf diesen Seiten nach den allgemeinen Gesetzen verantwortlich. Nach §§ 8 bis 10 TMG sind wir als Diensteanbieter jedoch nicht verpflichtet, übermittelte oder gespeicherte fremde Informationen zu überwachen oder nach Umständen zu forschen, die auf eine rechtswidrige Tätigkeit hinweisen.</p>
<p>Verpflichtungen zur Entfernung oder Sperrung der Nutzung von Informationen nach den allgemeinen Gesetzen bleiben hiervon unberührt. Eine diesbezügliche Haftung ist jedoch erst ab dem Zeitpunkt der Kenntnis einer konkreten Rechtsverletzung möglich. Bei Bekanntwerden von entsprechenden Rechtsverletzungen werden wir diese Inhalte umgehend entfernen.</p>
<p><strong>Haftung für Links</strong></p>
<p>Unser Angebot enthält Links zu externen Websites Dritter, auf deren Inhalte wir keinen Einfluss haben. Deshalb können wir für diese fremden Inhalte auch keine Gewähr übernehmen. Für die Inhalte der verlinkten Seiten ist stets der jeweilige Anbieter oder Betreiber der Seiten verantwortlich. Die verlinkten Seiten wurden zum Zeitpunkt der Verlinkung auf mögliche Rechtsverstöße überprüft. Rechtswidrige Inhalte waren zum Zeitpunkt der Verlinkung nicht erkennbar.</p>
<p>Eine permanente inhaltliche Kontrolle der verlinkten Seiten ist jedoch ohne konkrete Anhaltspunkte einer Rechtsverletzung nicht zumutbar. Bei Bekanntwerden von Rechtsverletzungen werden wir derartige Links umgehend entfernen.</p>
<p><strong>Urheberrecht</strong></p>
<p>Die durch die Seitenbetreiber erstellten Inhalte und Werke auf diesen Seiten unterliegen dem deutschen Urheberrecht. Die Vervielfältigung, Bearbeitung, Verbreitung und jede Art der Verwertung außerhalb der Grenzen des Urheberrechtes bedürfen der schriftlichen Zustimmung des jeweiligen Autors bzw. Erstellers. Downloads und Kopien dieser Seite sind nur für den privaten, nicht kommerziellen Gebrauch gestattet.</p>
<p>Soweit die Inhalte auf dieser Seite nicht vom Betreiber erstellt wurden, werden die Urheberrechte Dritter beachtet. Insbesondere werden Inhalte Dritter als solche gekennzeichnet. Sollten Sie trotzdem auf eine Urheberrechtsverletzung aufmerksam werden, bitten wir um einen entsprechenden Hinweis. Bei Bekanntwerden von Rechtsverletzungen werden wir derartige Inhalte umgehend entfernen.</p>
<p><strong>Fotalia.com</strong><br />
© hohojirozame; © frank peters; © WavebreakMediaMicro; © mdworschak; © Markus Bormann; © Robert Kneschke; © Mopic; © Renee Jansoa; © Benjamin Thorn; © lolloj; © vadim yerofeyev; © Roman Sigaev; © &#8212; a-n-k-i &#8212; -; © Aga &amp; Miko Materne; © Piotr Marcinski; © Lev; © Anyka; © arahan; © Jason Stitt; © Fotowerk; © fotodesign-jegg.de; © WavebreakMediaMicro; © proffelice; © Bernd Jürgens; © Jacek Chabraszewski; © ExQuisine; © HLPhoto; © Roman Sigaev; © Irina Belousa; © RTimage; © Lusoimages; © robynmac; © Barbara Dudzińska; © Vladimirs Poplavskis; © HLPhoto; © Zharastudio; © igor; © snaptitude; © Lori Martin; © detailblick; © outdoorsma; © PictureArt; © goodluz; © Monkey Business; © Robert Kneschke; © Monkey Business; © rare; © Yuri Arcurs; © Anatoliy Samara; © Rui Vale de Sousa; © Yuri Arcurs; © Sergey; © Markus Bormann; © Scott Hancock; © Tonis Pan; © Elenathewise; © Mehmet Dilsiz; © xxuligan; © majo; © southmind; © Digitalpress; © Dušan Zidar; © Tadija Savic; © Robert Janevski; © Izaokas Sapiro; © Gocman; © Frédéric Boutard; © lolloj; © diego cervo; © lunamarina; © Giuseppe Porzani; © Tom Mc Nemar; © rufar; © Robert Janevski; © laurent hamels; © kristian sekulic</p>
<p><strong>Shutterstock.com</strong><br />
© Sergey Nivens; © Yuri Arcurs ; © wavebreakmedia ; © Andrea Danti; © carlo dapino ; © Yuri Arcurs ; Goodluz ; © Simone van den Berg , © Werner Muenzker ; © kurhan ; © Emin Ozkan ; © bioraven ; © Sergey Mironov; © Vinciber ; © BortN66 , © Lana K ; © Photosani</p>
<p><strong>Istockphoto.com</strong><br />
© sdominick ; © J-Elgaard ; © Squaredpixels ; © janevskir</p>

<p>Impressum Nutrition Consult Vorgebirgstr. 27 50677 Köln info@jopp-online.com Streitschlichtung Die Europäische Kommission stellt eine Plattform zur Online-Streitbeilegung (OS) bereit: https://ec.europa.eu/consumers/odr Unsere E-Mail-Adresse finden Sie oben im Impressum. Wir sind nicht bereit oder verpflichtet, an Streitbeilegungsverfahren vor einer Verbraucherschlichtungsstelle teilzunehmen. Haftung für Inhalte Als Diensteanbieter sind wir gemäß § 7 Abs.1 TMG für eigene Inhalte auf [&hellip;]</p>
